 + 1/(-2). Suppose -5*q - 4*o + 0 = -1, s = 4*q + 2*o - 2. What is the units digit of q?
1
What is the units digit of (1050/40)/(3/24)?
0
Let n(u) = -u**2 - 6*u + 3. Let t be n(-6). Suppose i + t*i + 4*g = 52, -g = -i + 21. What is the units digit of i?
7
Suppose p - 3*p = 12. Let z = -6 - p. Suppose -h + 9 + 9 = z. What is the tens digit of h?
1
Suppose 0 = -10*u - 5*u + 465. What is the units digit of u?
1
Let b = -5 + 30. What is the tens digit of b?
2
Suppose -g - 88 = 3*g. What is the tens digit of (-473)/g + 1/(-2)?
2
Let k(d) = d - 19. Let b be (-2 - -2)/((-4)/2). Let w be k(b). Let n = -3 - w. What is the units digit of n?
6
Suppose -5*g + t = -899, -2*t - 18 = -g + 160. What is the hundreds digit of g?
1
Let s(g) = -g**3 + 5*g**2 - 2*g + 1. Let x be s(4). Let q be 165/x + 2/(-6). Suppose 3*t = -3*u - 9, -t = 3*t - 2*u - q. What is the units digit of t?
2
Let m = 49 - 10. What is the tens digit of m?
3
Let o(g) = g**3 + 7*g**2 + g + 10. Let v be o(-7). Suppose 0 = 2*u - v*u. Suppose u = 4*b - 18 - 10. What is the units digit of b?
7
Let u(x) = -x**2 + 8*x + 3. Let q be u(9). Let h = q + 6. Suppose 4*o + h*k - 79 = -5*k, 3*k = 9. What is the units digit of o?
6
Suppose 0 = -2*n - 2*n + 160. Suppose 0*v = 2*v - n. What is the tens digit of v?
2
What is the tens digit of (-24)/(-15)*(-255)/(-6)?
6
Suppose 4*p = -4*d + 12, 23 = -d + 3*p + 6. Let q = 12 - 8. Let z = q + d. What is the units digit of z?
2
Let q(z) = -3*z - 11. Let u(x) = x + 5. Let n(k) = 2*q(k) + 5*u(k). Suppose 0 = 5*o - 10, 0 = -5*d + d + 3*o - 18. What is the units digit of n(d)?
6
Let x be 3/(-6) - (-147)/2. Suppose 2*z - 130 = -5*l, 2*l + 4*z - x = -z. What is the units digit of l?
4
Let u = -32 + 81. What is the units digit of u?
9
Let d = 109 + -4. What is the units digit of d?
5
What is the hundreds digit of (35/(-20))/(-7) + (-543)/(-4)?
1
Let t(l) = -7*l**3 + 17*l**2 - 15*l + 23. Let a(w) = -3*w**3 + 8*w**2 - 7*w + 11. Let u(g) = -9*a(g) + 4*t(g). Let p = -6 - -1. What is the units digit of u(p)?
3
Let v be (14*1 + -1)/(-1). Let s = -9 - v. Suppose -10 = -s*x - x. What is the units digit of x?
2
Let y be 86/6 + (-1)/3. What is the units digit of 8/28 - (-108)/y?
8
Let i = 3 - 0. What is the units digit of i?
3
What is the units digit of 8 + (-2 - (-4 + 4))?
6
Let b be 16 - ((-2 - -2) + 1). What is the units digit of -5*(-3)/(b/2)?
2
Suppose -4*d - 20 = -8. Let j = 6 - d. What is the units digit of j?
9
Let x(p) = -p**3 - 5*p**2 - 3*p - 9. Let s be x(-5). Let i = -2 + s. What is the units digit of i?
4
Let o(r) = -r**3 + 22*r**2 + 57*r - 26. What is the tens digit of o(24)?
9
Let h(f) = f**3 + f - 2. Let l be h(2). Suppose -2*i + l = -i. What is the units digit of i?
8
Let r(k) = k**3 + 6*k**2 + 4*k. Let g = -3 + -2. Let b be r(g). What is the units digit of (b - -2) + 2/(-1)?
5
Let x = -100 - -320. What is the units digit of x?
0
Suppose -4 = 2*a - 0*a. Let f = 3 + a. Let d = 2 - f. What is the units digit of d?
1
Suppose 0*m - 8 = 2*m. What is the units digit of 11/4 + m/(-16)?
3
Suppose -s = 2*s - 30. Let y = 3 - 1. Suppose -y*c = -c - s. What is the tens digit of c?
1
Let q(b) = 3*b - 15. Let k be 160/15 + 2/(-3). What is the units digit of q(k)?
5
Let i = 419 - 296. What is the units digit of i?
3
Let s(r) = r**2 + 26. What is the units digit of s(0)?
6
Suppose 0 = 5*v + 35 - 5. Let c(x) be the second derivative of x**5/20 + 7*x**4/12 + 5*x**3/6 + 5*x**2/2 - 11*x. What is the units digit of c(v)?
1
Suppose 4*t - 24 = -8. Let a be (217/28)/((-1)/(-4)). Suppose -29 = -t*z + a. What is the tens digit of z?
1
Let i be 2 - 0 - 9 - -2. What is the tens digit of 22/1 + (-10)/i?
2
Let v be 2*-1 - (-2)/1. Let w(d) = -d**2 + d + 7. What is the units digit of w(v)?
7
Suppose 20*a = 22*a - 8. What is the units digit of a?
4
Let r(a) be the third derivative of -a**4/4 - a**3/2 - 2*a**2. What is the units digit of r(-2)?
9
Let z(p) = p**2 - 7*p + 9. Let t be z(6). Suppose 2*b + 2*b = -t*y - 13, -2*y = -4*b - 18. Let j(d) = d + 5. What is the units digit of j(b)?
1
Suppose 0 = -0*f - 5*f + 3*n + 1596, 2*f = -4*n + 654. What is the hundreds digit of f?
3
Let z be 2/(-4)*(1 + -9). What is the units digit of (-1 - (-6)/z)*10?
5
Let i(q) = -q**3 + q**2 + q + 22. What is the tens digit of i(0)?
2
Let f be (-15)/6*(3 + -1). Let x = f + 15. What is the tens digit of x?
1
Let g = -271 - -674. What is the units digit of g?
3
Suppose 3*p = -2 + 239. What is the units digit of p?
9
What is the tens digit of (-40)/((-4)/(-8) + (-6)/8)?
6
Let v be -1*2/4*-6. Suppose -4*t + 12 = a + 3*a, -v*a = -9. Suppose t = -2*g + 3 + 1. What is the units digit of g?
2
Let u be 8 + -1 + (-2 - 0). Let d(c) = c**3 - 4*c**2. What is the units digit of d(u)?
5
Let x(b) = -b**3 + 9*b**2 + 9*b + 2. Let v be x(10). What is the units digit of (v + 2)/(-1) - -1?
7
Let b be (-1 - 0) + (1 - 1). Let v = 3 - b. Suppose -q - 2*q - 1 = -u, 3*q = v*u - 4. What is the units digit of u?
1
Let n(h) = 5*h + 7. What is the units digit of n(10)?
7
Let k(r) = -4*r - 28. What is the tens digit of k(-14)?
2
Suppose -d - 1 = -4*v - 96, 3*v = -d + 88. What is the units digit of d?
1
Suppose 3*u + 12 = -4*b, 3*b - 10 = 5*u + 10. Let m = u - -3. What is the units digit of 6 + 4 + m*2?
8
Suppose 4*p = -2*p + 120. What is the units digit of p?
0
Let p = 71 + -51. Suppose 3*g + 2*g - 30 = -5*m, 0 = 3*m + 4*g - p. What is the units digit of m?
4
Let w = -11 + 87. What is the tens digit of w?
7
Let v be 7/4 - (-3)/12. Suppose 3*p = -5*y + 25, -v*p + 9 = 2*y - p. What is the units digit of y?
2
Suppose -5 = -4*a + 3. Suppose -6 = -4*x - a. Let t = 4 - x. What is the units digit of t?
3
Suppose -11*r + 7*r = -8. Suppose -5*w + r*w - 60 = -2*c, -c - 4*w = -30. What is the tens digit of c?
3
Let w be (2 + -2)/3*-1. Let k = w + 6. What is the units digit of k?
6
Let m = 20 + -12. Suppose -4*t + 58 - 2 = 0. Let j = t - m. What is the units digit of j?
6
Let m(o) be the third derivative of 9*o**6/40 - o**4/24 - 2*o**2. What is the units digit of m(1)?
6
Let m(o) = o**3 + 12*o**2 - o - 11. What is the tens digit of m(-5)?
6
Let s(l) = l**3 + 7*l**2 + 7*l. Let k be s(-6). Let h = 8 - k. What is the tens digit of h?
1
Suppose -3*l + 48 = l. What is the units digit of l/8*24/3?
2
Suppose k - 20 = -3*k. What is the units digit of k?
5
Let p(j) = j + 2 + 5*j**3 - 7*j**3 + j**3. What is the units digit of p(-2)?
8
Suppose 2*p = -0*k + k - 22, 0 = 5*p - 3*k + 54. Let d(g) = g + 15. Let u be d(p). Let a = u + 8. What is the tens digit of a?
1
Suppose 0 = -3*i - k - 1 - 1, 4*i - 3*k = -7. What is the tens digit of 70/4 + i/2?
1
Suppose 7*m - m = 2148. What is the hundreds digit of m?
3
What is the units digit of (0 + 20)*21/12?
5
Suppose 3*n = 2*v + 188, 0*n - 138 = -2*n - 5*v. What is the units digit of n?
4
Suppose 2*d + 31 = 5*n + 6*d, -20 = -5*d. Let c(t) = t**2 + 7*t - 6. Let w(s) = 3*s**2 + 15*s - 13. Let o(g) = 5*c(g) - 2*w(g). What is the units digit of o(n)?
2
Suppose 5*o + x = 494, 6*o + x = 2*o + 395. What is the units digit of o?
9
Let y(v) = -v - 1. Let h(f) = f**2 - 17*f - 9. Let p(l) = -h(l) + 5*y(l). What is the units digit of p(12)?
4
Let t = -5 + 7. Suppose 2*l = 6*l - 4, t*c + 3*l - 5 = 0. What is the units digit of c?
1
Let i = -151 - -216. What is the tens digit of i?
6
Suppose 2*r + 6 = -w, -r + 8 = -w - 4*w. Let u be -12*3/(-9)*r. Let v = -5 - u. What is the units digit of v?
3
Let u(l) be the first derivative of -l**4/4 + l**3/3 + 2. What is the units digit of u(-1)?
2
What is the hundreds digit of ((-1020)/16)/((-2)/8)?
2
Suppose -x - x = 0. Let b be (3 - 3)/(-2) - x. Suppose b*s = -s + 11. What is the tens digit of s?
1
What is the units digit of 6*(-7)/(-12)*4?
4
Let m = 36 - 29. What is the units digit of m?
7
Suppose -24 = -4*y - 0*y. Let r(j) = -j + 12. Let w be r(y). Suppose -5*b - 8 - 7 = 0, 0 = -3*h - 3*b - w. What is the units digit of h?
1
Suppose -3 = -2*s + 5. Suppose -s*q + 11 + 9 = 0. Let v(u) = -u**2 + 4*u + 6. What is the units digit of v(q)?
1
Let p be 15*(-2 + 1)/(-3). Suppose 5*f = 5*c + 15, -2*f + p*f - 5*c = 15. Suppose 9 = -f*a + a. What is the units digit of a?
9
Let m(g) = -4*g - 13 - 7*g - g**2 + 0*g. What is the units digit of m(-9)?
5
Suppose -3*b + b + 6 = 0. Let j be -1*(1 - (b - 1)). Suppose 0